35*n + 642. What is m(1)?
7
Let k(f) = f**3 + 11*f**2 - 954*f - 187. Give k(26).
21
Let f(q) = -21*q**2 + 1574*q + 72. Give f(75).
-3
Let u(b) = -b**2 - 65*b + 634. What is u(11)?
-202
Let g(s) = 504*s + 2011. Give g(-4).
-5
Let n(l) = 45818*l + 229091. Give n(-5).
1
Let h(y) = -y**3 - 26*y**2 + 90*y + 80. Give h(-29).
-7
Let l(j) = -10*j**2 - 43*j - 84. Calculate l(-2).
-38
Let o(n) = -15*n**3 - 17*n**2 + 3*n + 2. Give o(1).
-27
Let s(t) = -978*t - 242. Determine s(-1).
736
Let a(b) = -b**3 - 18*b**2 - 33*b + 50. Give a(-16).
66
Let d(v) = -2*v**3 - 19*v**2 - 42*v + 2. Calculate d(-6).
2
Let y(l) = 45*l - 1445. Give y(32).
-5
Let w(u) = -51*u**2 - 869*u - 51. What is w(-17)?
-17
Let y(u) = -227*u - 509. What is y(0)?
-509
Let n(p) = -2*p**2 - 112*p - 1626. Give n(-31).
-76
Let n(s) = -s**3 - 5*s**2 + 17*s + 153. What is n(-6)?
87
Let d(o) = -2*o**2 - 1315*o + 5278. Determine d(4).
-14
Let h(u) = 4*u**2 - 83*u + 458. What is h(6)?
104
Let t(v) = -2*v**2 - 216*v + 3140. Determine t(-121).
-6
Let k(h) = -114*h**2 - 27*h - 28. Give k(-1).
-115
Let a(g) = -5*g**3 + 41*g**2 - 3*g - 12. Calculate a(8).
28
Let a(k) = -3219*k + 6426. Calculate a(2).
-12
Let m(l) = -l**2 + 26*l + 247. What is m(27)?
220
Let k(t) = t**3 + 3*t**2 + 9*t + 9. Give k(-4).
-43
Let u(x) = -x**3 - 82*x**2 - 1164*x - 767. Determine u(-64).
1
Let y(w) = -35*w**2 - 13*w + 39. What is y(3)?
-315
Let v(d) = 184*d + 2581. Give v(-14).
5
Let o(l) = 8*l - 150. Calculate o(10).
-70
Let u(s) = -5*s**3 - 27*s**2 + 198*s + 316. Calculate u(-9).
-8
Let j(t) = 70*t - 277. Determine j(4).
3
Let d(u) = u**3 - 17*u**2 + 7*u + 20. Calculate d(10).
-610
Let a(h) = 6*h**2 - 137*h + 100. Give a(22).
-10
Let m(r) = r + 16. Calculate m(-9).
7
Let i(w) = -2*w**3 + 24*w**2 - w + 11. Determine i(12).
-1
Let i(d) = 2*d**2 + 342*d - 6424. Calculate i(17).
-32
Let u(j) = 2*j**3 - 79*j**2 + 41*j - 7. Determine u(39).
71
Let u(q) = q**2 - 45*q - 3224. Determine u(-38).
-70
Let n(h) = 640*h - 10110. Determine n(16).
130
Let l(k) = -2*k**3 - 26*k**2 - 52*k - 39. What is l(-5)?
-179
Let i(q) = -q + 20. Determine i(19).
1
Let t(d) = 18*d + 1. What is t(-4)?
-71
Let d(c) = -c**2 - 16*c + 127. What is d(6)?
-5
Let l(b) = -7*b**3 - 260*b**2 - 41*b - 58. Give l(-37).
90
Let u(x) = x**2 - 969*x - 2910. Calculate u(-3).
6
Let i(u) = 22*u + 119. Give i(-9).
-79
Let n(b) = b**3 + 20*b**2 - 87*b - 122. What is n(-24)?
-338
Let d(w) = -189*w**2 + 1328*w - 4. Give d(7).
31
Let l(k) = 136*k + 769. Calculate l(-5).
89
Let f(g) = -3*g**3 + 189*g**2 - 1837*g + 23. Calculate f(12).
11
Let m(c) = -16*c**2 + 4349*c + 835. Calculate m(272).
19
Let m(z) = -z**2 + 5094*z - 101488. Give m(20).
-8
Let b(a) = -a**2 + 31*a + 1721. What is b(-29)?
-19
Let h(r) = r**3 + 52*r**2 + 656*r + 162. What is h(-31)?
7
Let s(v) = v**3 - 9*v**2 + 75*v - 315. Calculate s(5).
-40
Let p(x) = -31103*x - 279927. Determine p(-9).
0
Let j(o) = -48*o**2 + 77*o - 1. Give j(2).
-39
Let g(z) = 6*z**3 + 84*z**2 + 9*z + 64. Determine g(-14).
-62
Let u(f) = f**3 - 18*f**2 + 2*f - 26. Give u(18).
10
Let q(a) = 52*a + 856. Give q(-16).
24
Let d(g) = 10*g**2 + 85*g + 454. Calculate d(-5).
279
Let v(r) = 2*r - 13. Determine v(17).
21
Let k(y) = -32*y**2 + 521*y - 146. Give k(16).
-2
Let y(a) = 2*a**2 - 52*a - 69. Determine y(26).
-69
Let c(x) = 1489*x + 2984. Determine c(-2).
6
Let c(x) = -x**2 + 26*x + 1680. Determine c(56).
0
Let i(r) = 2*r**3 + 12*r**2 - 36*r - 20. Calculate i(-8).
12
Let j(v) = 12*v + 47. Give j(-18).
-169
Let a(c) = 42*c + 1398. Give a(-32).
54
Let u(y) = 11437*y - 45747. Determine u(4).
1
Let z(t) = -t**3 + 29*t**2 + 32*t - 63. Determine z(30).
-3
Let h(q) = -336*q + 3022. Determine h(9).
-2
Let o(z) = -185*z + 1325. Give o(10).
-525
Let p(j) = -j**2 + 144*j - 431. Calculate p(141).
-8
Let d(s) = -7*s**2 + 8*s + 31. What is d(-4)?
-113
Let y(h) = 27*h**2 + 406*h + 20. Calculate y(-15).
5
Let u(o) = -o**3 + 52*o**2 - 130*o - 823. Determine u(49).
10
Let v(s) = -160*s - 41759. Calculate v(-261).
1
Let n(l) = -5*l**2 - 16*l + 213. Calculate n(9).
-336
Let g(u) = -3*u**3 - 11*u**2 + 99*u - 46. Determine g(-8).
-6
Let r(y) = 2*y**3 - 27*y**2 - 125*y + 102. Calculate r(17).
0
Let r(c) = -2*c**3 - 35*c**2 + 66*c - 2. Determine r(2).
-26
Let m(s) = -2*s**3 + 71*s**2 - 99*s - 83. Calculate m(34).
19
Let x(f) = -2*f**3 - 26*f**2 + 38*f + 60. Calculate x(-14).
-80
Let s(g) = -5*g**2 + 53*g + 13. Give s(11).
-9
Let j(q) = 299*q + 14380. Give j(-48).
28
Let v(l) = -33*l + 1083. Calculate v(28).
159
Let o(u) = -5*u**2 + 36*u - 21. Calculate o(8).
-53
Let z(j) = 161*j - 320. What is z(2)?
2
Let m(w) = 2*w**3 - 19*w**2 - 9*w + 16. Determine m(10).
26
Let i(f) = 321*f - 410. Calculate i(1).
-89
Let x(v) = -21*v - 551. Give x(-26).
-5
Let g(k) = 74*k - 169. Give g(-5).
-539
Let j(c) = -305*c - 676. Give j(-3).
239
Let b(z) = -z**2 + 3*z + 124. Determine b(-8).
36
Let h(n) = 7*n**2 - 868*n + 5733. Give h(117).
0
Let p(o) = 504*o + 2883. What is p(-6)?
-141
Let y(v) = -2*v**2 - 2*v + 15. What is y(-4)?
-9
Let a(v) = -v**2 - 17*v + 50. Determine a(4).
-34
Let c(i) = -21*i + 995. Calculate c(45).
50
Let s(x) = 75*x - 3098. Calculate s(41).
-23
Let f(p) = 473*p + 20335. What is f(-43)?
-4
Let c(d) = -49*d - 336. Calculate c(-6).
-42
Let b(f) = -43*f**2 - 432*f - 14. Determine b(-10).
6
Let v(s) = -3*s**2 - 378*s - 11810. Determine v(-69).
-11
Let j(b) = 257*b**2 - 149*b - 2. Determine j(1).
106
Let n(w) = 23*w + 93. Determine n(-7).
-68
Let h(u) = 7*u**3 + 317*u**2 + 91*u + 45. Give h(-45).
0
Let r(q) = -q**2 - 141*q + 1220. Calculate r(8).
28
Let k(v) = 2216*v + 15626. Calculate k(-7).
114
Let r(b) = -7*b**2 - 248*b - 363. Give r(-35).
-258
Let r(g) = -34*g - 2. What is r(-16)?
542
Let d(m) = -155*m + 5422. Calculate d(35).
-3
Let k(u) = -1815*u - 5. Determine k(0).
-5
Let f(p) = p**3 - 23*p**2 - 1132*p - 101. Calculate f(-24).
-5
Let z(p) = -2*p**3 - 5*p**2 + 24*p - 2. Calculate z(-5).
3
Let q(d) = d**2 - 21*d - 62. What is q(23)?
-16
Let j(x) = 5*x**2 - 1360*x - 6. Determine j(272).
-6
Let o(r) = -r**2 + 7*r + 41. What is o(7)?
41
Let h(w) = -43*w**2 + 2*w - 2. Calculate h(2).
-170
Let v(j) = 135*j + 14685. What is v(-109)?
-30
Let g(j) = j**3 + 11*j**2 + 157*j + 415. Give g(-3).
16
Let x(w) = -24*w - 1748. What is x(-75)?
52
Let a(d) = 3*d**3 + 440*d**2 + 1146*d - 862. Give a(-144).
2
Let m(h) = -456*h - 10937. Give m(-24).
7
Let d(o) = -2*o**3 + 17*o**2 - 12*o - 34. What is d(2)?
-6
Let l(v) = -27*v - 113. What is l(-9)?
130
Let x(z) = 23*z - 125. Calculate x(6).
13
Let a(z) = 52*z**2 - 2. What is a(-2)?
206
Let u(z) = -356*z - 1760. Calculate u(-5).
20
Let u(b) = -b**3 + 4*b**2 + 10*b - 46. Calculate u(5).
-21
Let k(v) = 4*v**3 + 52*v**2 - 28*v - 364. Calculate k(-13).
0
Let m(r) = 3*r**3 + 135*r**2 - 9*r - 67. Calculate m(-45).
338
Let x(o) = -20*o + 160. Determine x(9).
-20
Let x(v) = 83*v**2 - 7*v + 6. Determine x(2).
324
Let f(k) = 24*k**2 - 251*k + 104. Calculate f(10).
-6
Let o(c) = 4*c**2 - 438*c + 863. Determine o(2).
3
Let k(n) = -n**3 + 9*n**2 + 50*n - 17. What is k(-7)?
417
Let r(u) = -37*u**2 + 2*u + 9. Calculate r(4).
-575
Let d(n) = 2*n**3 + 477*n**2 - 234*n + 1193. What is d(-239)?
-2
Let h(y) = 10*y**3 + 359*y**2 - 43*y - 256. Calculate h(-36).
-4
Let j(o) = 2*o**3 - 2*o**2 + 8*o - 43. Calculate j(0).
-43
Let n(j) = -16*j - 27. Determine n(-2).
5
Let t(p) = 2*p**2 - 63*p - 1930. Give t(-20).
130
Let n(d) = 24*d**3 - 31*d**2 + 33*d - 5. Determine n(1).
21
Let i(c) = -c**2 - 318*c - 1561. Calculate i(-5).
4
Let m(a) = -a**2 - 2278*a + 9118. What is m(4)?
-10
Let t(j) = j**2 - 39*j - 419. Calculate t(-9).
13
Let t(m) = -m**3 - 16*m**2 + 29*m + 33. Give t(-18).
159
Let a(n) = -5*n + 49. Calculate a(33).
-116
Let n(p) = -2*p**3 + 228*p**2 - 238*p + 1361. Calculate n(113).
5
Let l(f) = -203*f + 132. What is l(0)?
132
Let o(f) = 216*f + 3188. Determine o(-15).
-52
Let b(r) = 1082*r + 28145. Give b(-26).
13
Let s(f) = -257*f + 1452. Give s(6).
-90
Let v(q) = -713*q + 60. Calculate v(1).
-653
Let f(w) = w + 25. Determine f(-4).
21
Let j(r) = r**3 + 15*r**2 - 17*r - 9. Calculate j(-16).
7
Let z(t) = t**3 - t**2 - 164*t + 93. Calculate z(13).
-11
Let m(w) = 3*w**2 + 18*w - 63. Calculate m(7).
210
Let p(w) = -647*w + 641. What is p(1)?
-6
Let z(v) = 